{"id":47493,"date":"2023-03-31T13:07:02","date_gmt":"2023-03-31T11:07:02","guid":{"rendered":"https:\/\/www.vpace.de\/blog\/?page_id=47493"},"modified":"2023-03-31T13:11:17","modified_gmt":"2023-03-31T11:11:17","slug":"fahrtechnik-camp","status":"publish","type":"page","link":"https:\/\/www.vpace.de\/blog\/fahrtechnik-camp\/","title":{"rendered":""},"content":{"rendered":"\n<h2 class=\"has-text-align-left\">Fahrtechnik-Camp f\u00fcr Erwachsene &#8211; APRIL, APRIL&#8230;<\/h2>\n\n\n\n<p>April, April. Aber doch irgendwie eine charmante Idee\u2026 F\u00fcr einige Eltern m\u00f6glicherweise von gro\u00dfem Nutzen \ud83d\ude42 Vielleicht bieten wir ja sowas eines Tages an\u2026<\/p>\n\n\n\n<div class=\"wp-block-columns\">\n<div class=\"wp-block-column\">\n<div class=\"wp-block-columns\">\n<div class=\"wp-block-column\">\n<figure class=\"wp-block-image size-full\"><img loading=\"lazy\" width=\"1000\" height=\"667\" src=\"https:\/\/www.vpace.de\/blog\/wp-content\/uploads\/2023\/03\/VPACE_Kids_danny-annawenisch-1.jpg\" alt=\"\" class=\"wp-image-47504\" srcset=\"https:\/\/www.vpace.de\/blog\/wp-content\/uploads\/2023\/03\/VPACE_Kids_danny-annawenisch-1.jpg 1000w, https:\/\/www.vpace.de\/blog\/wp-content\/uploads\/2023\/03\/VPACE_Kids_danny-annawenisch-1-820x547.jpg 820w\" sizes=\"(max-width: 1000px) 100vw, 1000px\" \/><\/figure>\n<\/div>\n\n\n\n<div class=\"wp-block-column\">\n<figure class=\"wp-block-image size-full\"><img loading=\"lazy\" width=\"1000\" height=\"667\" src=\"https:\/\/www.vpace.de\/blog\/wp-content\/uploads\/2023\/03\/VPACE_Kids_innsbruck-fred.jpg\" alt=\"\" class=\"wp-image-47505\" srcset=\"https:\/\/www.vpace.de\/blog\/wp-content\/uploads\/2023\/03\/VPACE_Kids_innsbruck-fred.jpg 1000w, https:\/\/www.vpace.de\/blog\/wp-content\/uploads\/2023\/03\/VPACE_Kids_innsbruck-fred-820x547.jpg 820w\" sizes=\"(max-width: 1000px) 100vw, 1000px\" \/><\/figure>\n<\/div>\n\n\n\n<div class=\"wp-block-column\">\n<figure class=\"wp-block-image size-full\"><img loading=\"lazy\" width=\"1000\" height=\"667\" src=\"https:\/\/www.vpace.de\/blog\/wp-content\/uploads\/2023\/03\/VPACE_Kids_innsbruck-fred-5.jpg\" alt=\"\" class=\"wp-image-47506\" srcset=\"https:\/\/www.vpace.de\/blog\/wp-content\/uploads\/2023\/03\/VPACE_Kids_innsbruck-fred-5.jpg 1000w, https:\/\/www.vpace.de\/blog\/wp-content\/uploads\/2023\/03\/VPACE_Kids_innsbruck-fred-5-820x547.jpg 820w\" sizes=\"(max-width: 1000px) 100vw, 1000px\" \/><\/figure>\n<\/div>\n<\/div>\n<\/div>\n\n\n\n<div class=\"wp-block-column\">\n<div class=\"wp-block-columns\">\n<div class=\"wp-block-column\">\n<figure class=\"wp-block-image size-full\"><img loading=\"lazy\" width=\"1000\" height=\"667\" src=\"https:\/\/www.vpace.de\/blog\/wp-content\/uploads\/2023\/03\/VPACE_Kids_innsbruck-fred-rider.jpg\" alt=\"\" class=\"wp-image-47507\" srcset=\"https:\/\/www.vpace.de\/blog\/wp-content\/uploads\/2023\/03\/VPACE_Kids_innsbruck-fred-rider.jpg 1000w, https:\/\/www.vpace.de\/blog\/wp-content\/uploads\/2023\/03\/VPACE_Kids_innsbruck-fred-rider-820x547.jpg 820w\" sizes=\"(max-width: 1000px) 100vw, 1000px\" \/><\/figure>\n<\/div>\n\n\n\n<div class=\"wp-block-column\">\n<figure class=\"wp-block-image size-full\"><img loading=\"lazy\" width=\"1000\" height=\"671\" src=\"https:\/\/www.vpace.de\/blog\/wp-content\/uploads\/2023\/03\/VPACE_Kids_teamtreffen-samerberg.jpg\" alt=\"\" class=\"wp-image-47508\" srcset=\"https:\/\/www.vpace.de\/blog\/wp-content\/uploads\/2023\/03\/VPACE_Kids_teamtreffen-samerberg.jpg 1000w, https:\/\/www.vpace.de\/blog\/wp-content\/uploads\/2023\/03\/VPACE_Kids_teamtreffen-samerberg-820x550.jpg 820w\" sizes=\"(max-width: 1000px) 100vw, 1000px\" \/><\/figure>\n<\/div>\n\n\n\n<div class=\"wp-block-column\"><\/div>\n<\/div>\n<\/div>\n<\/div>\n\n\n\n<p><\/p>\n","protected":false},"excerpt":{"rendered":"<p>Fahrtechnik-Camp f\u00fcr Erwachsene &#8211; APRIL, APRIL&#8230; April, April. Aber doch irgendwie eine charmante Idee\u2026 F\u00fcr einige Eltern m\u00f6glicherweise von gro\u00dfem Nutzen \ud83d\ude42 Vielleicht bieten wir ja sowas eines Tages an\u2026<\/p>\n","protected":false},"author":2346,"featured_media":47498,"parent":0,"menu_order":0,"comment_status":"closed","ping_status":"closed","template":"","meta":[],"yoast_head":"<!-- This site is optimized with the Yoast SEO plugin v19.3 - https:\/\/yoast.com\/wordpress\/plugins\/seo\/ -->\n<title>- VPACE Bikes<\/title>\n<meta name=\"robots\" content=\"index, follow, max-snippet:-1, max-image-preview:large, max-video-preview:-1\" \/>\n<link rel=\"canonical\" href=\"https:\/\/www.vpace.de\/blog\/fahrtechnik-camp\/\" \/>\n<meta name=\"twitter:label1\" content=\"Gesch\u00e4tzte Lesezeit\" \/>\n\t<meta name=\"twitter:data1\" content=\"2\u00a0Minuten\" \/>\n<script type=\"application\/ld+json\" class=\"yoast-schema-graph\">{\"@context\":\"https:\/\/schema.org\",\"@graph\":[{\"@type\":\"Organization\",\"@id\":\"https:\/\/www.vpace.de\/blog\/#organization\",\"name\":\"VPACE Bikes\",\"url\":\"https:\/\/www.vpace.de\/blog\/\",\"sameAs\":[\"https:\/\/instagram.com\/vpacebikes\/\",\"https:\/\/www.linkedin.com\/company\/9260374\",\"https:\/\/www.pinterest.com\/vpacebikes\/\",\"http:\/\/www.facebook.com\/vpacebikes\",\"https:\/\/twitter.com\/vpacebikes\"],\"logo\":{\"@type\":\"ImageObject\",\"inLanguage\":\"de\",\"@id\":\"https:\/\/www.vpace.de\/blog\/#\/schema\/logo\/image\/\",\"url\":\"https:\/\/www.vpace.de\/blog\/wp-content\/uploads\/2013\/11\/VPACE-Logo-redV.png\",\"contentUrl\":\"https:\/\/www.vpace.de\/blog\/wp-content\/uploads\/2013\/11\/VPACE-Logo-redV.png\",\"width\":1959,\"height\":336,\"caption\":\"VPACE Bikes\"},\"image\":{\"@id\":\"https:\/\/www.vpace.de\/blog\/#\/schema\/logo\/image\/\"}},{\"@type\":\"WebSite\",\"@id\":\"https:\/\/www.vpace.de\/blog\/#website\",\"url\":\"https:\/\/www.vpace.de\/blog\/\",\"name\":\"VPACE Bikes\",\"description\":\"Ride Unique!\",\"publisher\":{\"@id\":\"https:\/\/www.vpace.de\/blog\/#organization\"},\"potentialAction\":[{\"@type\":\"SearchAction\",\"target\":{\"@type\":\"EntryPoint\",\"urlTemplate\":\"https:\/\/www.vpace.de\/blog\/?s={search_term_string}\"},\"query-input\":\"required name=search_term_string\"}],\"inLanguage\":\"de\"},{\"@type\":\"ImageObject\",\"inLanguage\":\"de\",\"@id\":\"https:\/\/www.vpace.de\/blog\/fahrtechnik-camp\/#primaryimage\",\"url\":\"https:\/\/www.vpace.de\/blog\/wp-content\/uploads\/2023\/03\/stratmann-web-0311-1.jpg\",\"contentUrl\":\"https:\/\/www.vpace.de\/blog\/wp-content\/uploads\/2023\/03\/stratmann-web-0311-1.jpg\",\"width\":1500,\"height\":582},{\"@type\":\"WebPage\",\"@id\":\"https:\/\/www.vpace.de\/blog\/fahrtechnik-camp\/\",\"url\":\"https:\/\/www.vpace.de\/blog\/fahrtechnik-camp\/\",\"name\":\"- VPACE Bikes\",\"isPartOf\":{\"@id\":\"https:\/\/www.vpace.de\/blog\/#website\"},\"primaryImageOfPage\":{\"@id\":\"https:\/\/www.vpace.de\/blog\/fahrtechnik-camp\/#primaryimage\"},\"datePublished\":\"2023-03-31T11:07:02+00:00\",\"dateModified\":\"2023-03-31T11:11:17+00:00\",\"breadcrumb\":{\"@id\":\"https:\/\/www.vpace.de\/blog\/fahrtechnik-camp\/#breadcrumb\"},\"inLanguage\":\"de\",\"potentialAction\":[{\"@type\":\"ReadAction\",\"target\":[\"https:\/\/www.vpace.de\/blog\/fahrtechnik-camp\/\"]}]},{\"@type\":\"BreadcrumbList\",\"@id\":\"https:\/\/www.vpace.de\/blog\/fahrtechnik-camp\/#breadcrumb\",\"itemListElement\":[{\"@type\":\"ListItem\",\"position\":1,\"name\":\"Home\",\"item\":\"https:\/\/www.vpace.de\/blog\/\"},{\"@type\":\"ListItem\",\"position\":2,\"name\":\"\"}]}]}<\/script>\n<!-- \/ Yoast SEO plugin. -->","yoast_head_json":{"title":"- VPACE Bikes","robots":{"index":"index","follow":"follow","max-snippet":"max-snippet:-1","max-image-preview":"max-image-preview:large","max-video-preview":"max-video-preview:-1"},"canonical":"https:\/\/www.vpace.de\/blog\/fahrtechnik-camp\/","twitter_misc":{"Gesch\u00e4tzte Lesezeit":"2\u00a0Minuten"},"schema":{"@context":"https:\/\/schema.org","@graph":[{"@type":"Organization","@id":"https:\/\/www.vpace.de\/blog\/#organization","name":"VPACE Bikes","url":"https:\/\/www.vpace.de\/blog\/","sameAs":["https:\/\/instagram.com\/vpacebikes\/","https:\/\/www.linkedin.com\/company\/9260374","https:\/\/www.pinterest.com\/vpacebikes\/","http:\/\/www.facebook.com\/vpacebikes","https:\/\/twitter.com\/vpacebikes"],"logo":{"@type":"ImageObject","inLanguage":"de","@id":"https:\/\/www.vpace.de\/blog\/#\/schema\/logo\/image\/","url":"https:\/\/www.vpace.de\/blog\/wp-content\/uploads\/2013\/11\/VPACE-Logo-redV.png","contentUrl":"https:\/\/www.vpace.de\/blog\/wp-content\/uploads\/2013\/11\/VPACE-Logo-redV.png","width":1959,"height":336,"caption":"VPACE Bikes"},"image":{"@id":"https:\/\/www.vpace.de\/blog\/#\/schema\/logo\/image\/"}},{"@type":"WebSite","@id":"https:\/\/www.vpace.de\/blog\/#website","url":"https:\/\/www.vpace.de\/blog\/","name":"VPACE Bikes","description":"Ride Unique!","publisher":{"@id":"https:\/\/www.vpace.de\/blog\/#organization"},"potentialAction":[{"@type":"SearchAction","target":{"@type":"EntryPoint","urlTemplate":"https:\/\/www.vpace.de\/blog\/?s={search_term_string}"},"query-input":"required name=search_term_string"}],"inLanguage":"de"},{"@type":"ImageObject","inLanguage":"de","@id":"https:\/\/www.vpace.de\/blog\/fahrtechnik-camp\/#primaryimage","url":"https:\/\/www.vpace.de\/blog\/wp-content\/uploads\/2023\/03\/stratmann-web-0311-1.jpg","contentUrl":"https:\/\/www.vpace.de\/blog\/wp-content\/uploads\/2023\/03\/stratmann-web-0311-1.jpg","width":1500,"height":582},{"@type":"WebPage","@id":"https:\/\/www.vpace.de\/blog\/fahrtechnik-camp\/","url":"https:\/\/www.vpace.de\/blog\/fahrtechnik-camp\/","name":"- VPACE Bikes","isPartOf":{"@id":"https:\/\/www.vpace.de\/blog\/#website"},"primaryImageOfPage":{"@id":"https:\/\/www.vpace.de\/blog\/fahrtechnik-camp\/#primaryimage"},"datePublished":"2023-03-31T11:07:02+00:00","dateModified":"2023-03-31T11:11:17+00:00","breadcrumb":{"@id":"https:\/\/www.vpace.de\/blog\/fahrtechnik-camp\/#breadcrumb"},"inLanguage":"de","potentialAction":[{"@type":"ReadAction","target":["https:\/\/www.vpace.de\/blog\/fahrtechnik-camp\/"]}]},{"@type":"BreadcrumbList","@id":"https:\/\/www.vpace.de\/blog\/fahrtechnik-camp\/#breadcrumb","itemListElement":[{"@type":"ListItem","position":1,"name":"Home","item":"https:\/\/www.vpace.de\/blog\/"},{"@type":"ListItem","position":2,"name":""}]}]}},"_links":{"self":[{"href":"https:\/\/www.vpace.de\/blog\/wp-json\/wp\/v2\/pages\/47493"}],"collection":[{"href":"https:\/\/www.vpace.de\/blog\/wp-json\/wp\/v2\/pages"}],"about":[{"href":"https:\/\/www.vpace.de\/blog\/wp-json\/wp\/v2\/types\/page"}],"author":[{"embeddable":true,"href":"https:\/\/www.vpace.de\/blog\/wp-json\/wp\/v2\/users\/2346"}],"replies":[{"embeddable":true,"href":"https:\/\/www.vpace.de\/blog\/wp-json\/wp\/v2\/comments?post=47493"}],"version-history":[{"count":6,"href":"https:\/\/www.vpace.de\/blog\/wp-json\/wp\/v2\/pages\/47493\/revisions"}],"predecessor-version":[{"id":47515,"href":"https:\/\/www.vpace.de\/blog\/wp-json\/wp\/v2\/pages\/47493\/revisions\/47515"}],"wp:featuredmedia":[{"embeddable":true,"href":"https:\/\/www.vpace.de\/blog\/wp-json\/wp\/v2\/media\/47498"}],"wp:attachment":[{"href":"https:\/\/www.vpace.de\/blog\/wp-json\/wp\/v2\/media?parent=47493"}],"curies":[{"name":"wp","href":"https:\/\/api.w.org\/{rel}","templated":true}]}}